 are the prime factors of 24748118?
2, 2531, 4889
List the prime factors of 1436377.
37, 38821
List the prime factors of 132930437.
1847, 71971
What are the prime factors of 985911684?
2, 3, 82159307
What are the prime factors of 131355153?
3, 31, 43, 10949
What are the prime factors of 4056702253?
31, 229, 479, 1193
What are the prime factors of 164081547?
3, 7, 372067
List the prime factors of 1440605332.
2, 401, 898133
List the prime factors of 2870165754.
2, 3, 227, 702439
List the prime factors of 152470694.
2, 67, 103, 11047
List the prime factors of 187660429.
11, 359, 47521
What are the prime factors of 382967074?
2, 7, 1459, 18749
What are the prime factors of 148528400?
2, 5, 371321
List the prime factors of 2923699594.
2, 19, 76939463
List the prime factors of 2507878506.
2, 3, 7, 359, 23761
List the prime factors of 1476462615.
3, 5, 37, 229, 11617
List the prime factors of 23669093.
7, 23, 113, 1301
List the prime factors of 25419313.
787, 32299
List the prime factors of 4323634.
2, 7, 53, 5827
What are the prime factors of 2767527031?
2767527031
List the prime factors of 89016527.
1433, 62119
List the prime factors of 2897532290.
2, 5, 283, 397, 2579
What are the prime factors of 111377373?
3, 19, 439, 4451
What are the prime factors of 264087070?
2, 5, 13, 479, 4241
List the prime factors of 66876963.
3, 17, 347, 3779
List the prime factors of 73039377.
3, 107, 227537
What are the prime factors of 87302867?
87302867
List the prime factors of 42717040.
2, 5, 533963
List the prime factors of 30853016.
2, 43, 89689
List the prime factors of 3941627122.
2, 31, 4513, 14087
What are the prime factors of 5390708215?
5, 19, 281, 201937
What are the prime factors of 44130587?
5051, 8737
What are the prime factors of 154272547?
11, 13, 29, 37201
List the prime factors of 1843592559.
3, 107, 5743279
List the prime factors of 6103067109.
3, 2034355703
List the prime factors of 2120232584.
2, 265029073
List the prime factors of 380032471.
7, 13, 19, 219799
What are the prime factors of 1585855658?
2, 23, 3637, 9479
List the prime factors of 74101450.
2, 5, 1482029
What are the prime factors of 216621944?
2, 7, 11, 4567
What are the prime factors of 48722314?
2, 24361157
What are the prime factors of 98993463?
3, 37, 263, 3391
List the prime factors of 12997207.
12997207
List the prime factors of 25577857.
19, 59, 22817
List the prime factors of 12225216.
2, 3, 41, 1553
List the prime factors of 7183074955.
5, 7, 113, 1289, 1409
List the prime factors of 64268824.
2, 457, 17579
List the prime factors of 1678755090.
2, 3, 5, 31, 181, 9973
What are the prime factors of 319862563?
1583, 202061
List the prime factors of 109183856.
2, 6823991
What are the prime factors of 2943170703?
3, 11, 4261, 6977
List the prime factors of 27198148.
2, 47, 144671
List the prime factors of 539630188.
2, 541, 249367
List the prime factors of 269709231.
3, 11, 73, 111959
List the prime factors of 300021454.
2, 150010727
What are the prime factors of 155405851?
3307, 46993
What are the prime factors of 334448584?
2, 31, 1348583
What are the prime factors of 106298607?
3, 35432869
List the prime factors of 16581774.
2, 3, 11, 277, 907
List the prime factors of 263332244.
2, 7, 17, 23, 67, 359
What are the prime factors of 275766825?
3, 5, 3676891
List the prime factors of 5938417787.
5938417787
List the prime factors of 148587635.
5, 7, 4245361
What are the prime factors of 762159224?
2, 95269903
List the prime factors of 260274532.
2, 7, 23, 47, 8599
What are the prime factors of 2276483?
11, 206953
What are the prime factors of 3220241?
1543, 2087
List the prime factors of 44179740.
2, 3, 5, 11, 53, 421
List the prime factors of 51525425.
5, 7, 294431
List the prime factors of 1534287665.
5, 2767, 110899
List the prime factors of 3304158163.
3304158163
List the prime factors of 2177689840.
2, 5, 27221123
What are the prime factors of 89943342?
2, 3, 14990557
List the prime factors of 186295792.
2, 17, 127, 5393
What are the prime factors of 2069468?
2, 517367
List the prime factors of 993016619.
7, 37, 151, 25391
What are the prime factors of 34851719?
7, 19, 31, 79, 107
What are the prime factors of 3636025?
5, 145441
What are the prime factors of 17220935?
5, 19, 181273
List the prime factors of 264874965.
3, 5, 41, 430691
What are the prime factors of 1593311813?
1593311813
What are the prime factors of 43808157?
3, 53, 91841
What are the prime factors of 3678085958?
2, 269, 6836591
List the prime factors of 51205928.
2, 37, 172993
List the prime factors of 713816553.
3, 17, 13996403
List the prime factors of 81233373.
3, 13, 2082907
What are the prime factors of 56328647?
56328647
List the prime factors of 74120072.
2, 13, 712693
List the prime factors of 17908897.
2459, 7283
What are the prime factors of 39300044?
2, 7, 113, 12421
List the prime factors of 788070856.
2, 98508857
What are the prime factors of 56507579?
1129, 50051
List the prime factors of 302547213.
3, 33616357
What are the prime factors of 6827303461?
11, 293, 1097, 1931
List the prime factors of 143654309.
143654309
List the prime factors of 363460467.
3, 23, 43, 122501
What are the prime factors of 5905519565?
5, 11, 97, 1106939
What are the prime factors of 81745583?
81745583
What are the prime factors of 3194043?
3, 1064681
List the prime factors of 6125523394.
2, 3062761697
What are the prime factors of 58121234?
2, 47, 618311
List the prime factors of 154063276.
2, 257, 149867
List the prime factors of 142626621.
3, 197, 373, 647
List the prime factors of 706985.
5, 141397
List the prime factors of 430119026.
2, 5521, 38953
List the prime factors of 499157495.
5, 1553, 64283
List the prime factors of 5700441135.
3, 5, 380029409
List the prime factors of 623002844.
2, 155750711
List the prime factors of 33046492.
2, 23, 41, 8761
What are the prime factors of 144231511?
61, 241, 9811
What are the prime factors of 748439399?
17, 271, 162457
List the prime factors of 90567820.
2, 5, 7, 646913
List the prime factors of 58341738.
2, 3, 7, 13, 106853
What are the prime factors of 310617892?
2, 13, 31, 233, 827
What are the prime factors of 81963253?
47, 151, 11549
List the prime factors of 950157374.
2, 1867, 254461
List the prime factors of 13714334.
2, 43, 159469
List the prime factors of 10474352.
2, 7, 41, 2281
What are the prime factors of 504673986?
2, 3, 31, 2713301
What are the prime factors of 1142405484?
2, 3, 11, 211, 41017
What are the prime factors of 188142958?
2, 199, 472721
What are the prime factors of 340388095?
5, 3631, 18749
What are the prime factors of 16840357?
241, 69877
List the prime factors of 499193374.
2, 83, 3007189
What are the prime factors of 96785092?
2, 41, 590153
What are the prime factors of 59589648?
2, 3, 271, 509
List the prime factors of 76597235.
5, 11, 13, 9739
List the prime factors of 4108097587.
11, 31, 311, 38737
List the prime factors of 1898039944.
2, 237254993
What are the prime factors of 1584082387?
199, 7960213
What are the prime factors of 30167922?
2, 3, 5027987
List the prime factors of 151205835.
3, 5, 11, 227, 367
List the prime factors of 671681103.
3, 19, 73, 337, 479
List the prime factors of 36590086.
2, 13, 17, 19, 4357
List the prime factors of 2043682485.
3, 5, 13, 10480423
List the prime factors of 2835276842.
2, 24137, 58733
List the prime factors of 1494937336.
2, 186867167
List the prime factors of 2858413197.
3, 661, 1441459
List the prime factors of 399939375.
3, 5, 11, 19391
List the prime factors of 93470296.
2, 2243, 5209
What are the prime factors of 231784269?
3, 29, 2664187
List the prime factors of 8125607.
7, 37, 137, 229
List the prime factors of 157842456.
2, 3, 41, 160409
List the prime factors of 75643289.
211, 358499
List the prime factors of 51607104.
2, 3, 17, 97, 163
List the prime factors of 300641043.
3, 4567, 21943
List the prime factors of 2685834.
2, 3, 149213
What are the prime factors of 1057330782?
2, 3, 641, 91639
What are the prime factors of 921255519?
3, 307085173
What are the prime factors of 20036065?
5, 7, 43, 13313
List the prime factors of 496789263.
3, 59, 137, 6829
List the prime factors of 576944444.
2, 29, 197, 25247
List the prime factors of 673581855.
3, 5, 37, 1213661
List the 